common divisor of 223 and 261133.
223
What is the highest common factor of 111 and 18981?
111
What is the greatest common divisor of 120096 and 69984?
864
What is the greatest common factor of 1782 and 352?
22
Calculate the greatest common divisor of 21726 and 4544.
142
Calculate the greatest common divisor of 21405 and 60.
15
Calculate the highest common divisor of 11153 and 608.
19
What is the greatest common factor of 44658 and 7506?
54
Calculate the highest common divisor of 16 and 34972.
4
What is the greatest common divisor of 19 and 427633?
19
Calculate the highest common divisor of 1737512 and 644.
644
Calculate the greatest common divisor of 105174 and 144.
18
Calculate the greatest common factor of 3295 and 5.
5
What is the greatest common divisor of 60 and 104268?
12
Calculate the greatest common factor of 59291 and 6463.
281
What is the highest common divisor of 72568 and 130468?
772
What is the highest common divisor of 1177032 and 216?
24
What is the highest common divisor of 12947 and 2033?
107
What is the greatest common factor of 16 and 4280816?
16
What is the greatest common divisor of 588 and 1904973?
147
What is the highest common divisor of 66843 and 117?
9
Calculate the greatest common divisor of 217 and 7525.
7
Calculate the greatest common factor of 30 and 159070.
10
What is the greatest common divisor of 10730 and 80?
10
What is the highest common divisor of 1699 and 1?
1
What is the highest common factor of 63 and 4802?
7
What is the greatest common divisor of 313225 and 2948?
737
Calculate the highest common factor of 90 and 495630.
90
Calculate the greatest common divisor of 1641 and 255449.
547
Calculate the highest common divisor of 5 and 30865.
5
Calculate the greatest common factor of 377 and 32335.
29
Calculate the greatest common divisor of 275848 and 2296.
328
Calculate the highest common factor of 4640 and 2096.
16
What is the greatest common factor of 156010 and 30?
10
What is the highest common divisor of 270 and 1651644?
54
Calculate the greatest common factor of 10881 and 52.
13
What is the greatest common factor of 2592 and 60183?
81
Calculate the greatest common factor of 2134 and 66.
22
What is the greatest common divisor of 2924 and 1075?
43
Calculate the greatest common divisor of 14803 and 904.
113
What is the greatest common factor of 966 and 229362?
42
Calculate the highest common divisor of 55 and 27780.
5
Calculate the highest common factor of 90668 and 5776.
76
What is the highest common divisor of 962 and 299?
13
What is the greatest common divisor of 6894288 and 54?
54
What is the highest common factor of 121576 and 70?
14
Calculate the highest common factor of 1479498 and 604.
302
Calculate the greatest common factor of 561 and 13497.
33
Calculate the highest common factor of 11274307 and 74.
37
What is the highest common factor of 569316 and 2090?
418
What is the highest common divisor of 99 and 11547?
9
What is the greatest common factor of 7140 and 2480130?
510
Calculate the highest common divisor of 735 and 25.
5
Calculate the greatest common factor of 1649585 and 70.
35
Calculate the greatest common divisor of 13939867 and 151.
151
What is the greatest common divisor of 166 and 209243?
83
What is the highest common factor of 7 and 42283?
1
Calculate the greatest common factor of 1314 and 4339266.
438
What is the highest common factor of 2915 and 155555?
265
Calculate the greatest common factor of 4695 and 630695.
1565
What is the highest common divisor of 524 and 39169?
131
What is the highest common factor of 3346 and 2072?
14
Calculate the greatest common factor of 11200 and 416.
32
Calculate the greatest common factor of 2750 and 20250.
250
Calculate the highest common divisor of 473 and 20537.
11
Calculate the greatest common factor of 13129 and 4864.
19
What is the highest common divisor of 2748 and 2892?
12
What is the highest common divisor of 7541689 and 19?
19
What is the highest common divisor of 30989 and 969?
19
What is the highest common factor of 19032 and 1833?
39
Calculate the greatest common factor of 11132 and 363.
121
What is the greatest common factor of 4800 and 48225?
75
What is the highest common factor of 12 and 2810154?
6
What is the highest common divisor of 64887 and 6708?
129
Calculate the highest common divisor of 48285 and 2523.
87
What is the highest common factor of 47 and 114727?
47
What is the greatest common factor of 6723 and 117?
9
Calculate the greatest common divisor of 61965 and 198747.
459
Calculate the highest common divisor of 1546506 and 702.
702
Calculate the highest common divisor of 774 and 2013690.
258
What is the highest common divisor of 313927 and 23?
23
Calculate the greatest common divisor of 167824 and 34.
34
Calculate the greatest common divisor of 1474661 and 489.
163
Calculate the highest common divisor of 80 and 13488.
16
What is the highest common factor of 32918 and 8?
2
Calculate the highest common divisor of 15660 and 75951.
783
Calculate the highest common factor of 90 and 314910.
90
Calculate the greatest common factor of 120 and 46780.
20
Calculate the highest common factor of 32 and 2158456.
8
What is the highest common divisor of 8357 and 1220?
61
What is the greatest common divisor of 2499 and 1085399?
833
What is the highest common divisor of 5995 and 440?
55
What is the greatest common divisor of 30 and 1510?
10
Calculate the highest common divisor of 399 and 772008.
57
What is the highest common divisor of 2441 and 18824992?
2441
What is the greatest common factor of 30318 and 3260?
326
Calculate the greatest common divisor of 308 and 1584.
44
Calculate the highest common divisor of 2889 and 21828.
321
Calculate the greatest common factor of 207 and 1971.
9
What is the highest common factor of 676 and 211588?
676
Calculate the greatest common factor of 1507 and 814.
11
What is the highest common divisor of 10640 and 950?
190
Calculate the highest common divisor of 109 and 1.
1
What is the greatest common divisor of 113886 and 702?
54
Calculate the highest common factor of 176 and 37114.
22
Calculate the highest common factor of 250833 and 23232.
363
Calculate the greatest common divisor of 232 and 48952.
232
What is the greatest common factor of 22223 and 1207?
71
Calculate the highest common factor of 15 and 14385.
15
Calculate the greatest common factor of 1764 and 648.
36
Calculate the highest common divisor of 7056 and 116816.
784
Calculate the highest common divisor of 121 and 53482.
121
What is the highest common divisor of 446171 and 8789?
517
What is the highest common divisor of 173 and 398765?
173
Calculate the highest common divisor of 41416 and 620.
124
Calculate the greatest common factor of 5324 and 508.
4
Calculate the greatest common divisor of 41 and 991.
1
Calculate the greatest common factor of 396 and 52613.
11
Calculate the highest common factor of 2506 and 3222.
358
Calculate the greatest common divisor of 156252 and 4.
4
What is the greatest common divisor of 38980 and 8?
4
What is the highest common factor of 51179 and 187097?
839
Calculate the greatest common factor of 2489 and 1615.
19
Calculate the greatest common factor of 5810 and 630.
70
What is the highest common factor of 335262 and 1491?
213
What is the greatest common factor of 393481 and 33?
11
Calculate the greatest common divisor of 457886 and 572.
286
What is the highest common factor of 277 and 6393991?
277
Calculate the greatest common divisor of 96044 and 52.
52
Calculate the greatest common divisor of 2172 and 83.
1
What is the greatest common divisor of 325585 and 65?
65
Calculate the highest common divisor of 37939 and 11.
11
Calculate the highest common factor of 1008 and 15816.
24
Calculate the highest common factor of 29946 and 230.
46
Calculate the greatest common factor of 3425846 and 194.
194
What is the highest common factor of 14274 and 2574?
234
What is the greatest common divisor of 101 and 189?
1
Calculate the greatest common factor of 107502 and 3444.
246
What is the highest common divisor of 607 and 3301473?
607
Calculate the highest common factor of 2580 and 4459530.
1290
What is the greatest common factor of 328 and 1248?
8
What is the highest common divisor of 84 and 1484?
28
Calculate the highest comm